 = 0. Let k be 0/((-4)/t*3). Suppose k = 2*m - 3 - 29. Calculate the greatest common divisor of m and 16.
16
Suppose -3*d - 45 = -453. Let c(w) = 4*w + 22. Let h be c(-13). Let s = 47 + h. What is the greatest common divisor of s and d?
17
Let g(z) = 3*z**2 - 1. Let s be g(-1). Suppose -2*l = s*l - 480. Calculate the highest common divisor of l and 24.
24
Suppose 681 = 5*m + 331. What is the highest common divisor of 42 and m?
14
Let a(l) = -l**3 + 2*l**2 + l + 21. Let m be a(0). Suppose -3*i - 3*h = -h - 102, i = -5*h + m. What is the highest common factor of 72 and i?
36
Let d = -42 - -3. Let g be 1866/30 + (-3)/15. Let k = g + d. Calculate the greatest common factor of k and 92.
23
Let m = 470 - 413. What is the greatest common divisor of m and 133?
19
Let r(w) be the first derivative of -5 + 2/3*w**3 + 0*w + 2*w**2. Let s be r(-3). Calculate the greatest common factor of 3 and s.
3
Let l = 3499 - 24. Let j be l/10 - 3/(-7 - -1). What is the greatest common divisor of 12 and j?
12
Let x(q) = -q**3 + 9*q**2 + 8*q - 1. Let l be x(6). Suppose 0 = -2*y + y - 3*k + l, 4*k = 3*y - 413. Calculate the greatest common factor of 13 and y.
13
Suppose -2*u + 21 + 17 = 0. Suppose u*s - 18*s - 11 = 0. What is the highest common divisor of s and 44?
11
Suppose 2*z + 23 = 11. Let k(i) = 7*i**2 + 4*i + 4. Let s be k(-3). Let m be z/33 - (-4960)/s. What is the highest common divisor of m and 18?
18
Let x(n) = n**3 - n**2 - 2. Let d be (96/(-40))/(4/(-10)). Let t be (-1)/(3/d)*-1. Let b be x(t). What is the highest common divisor of 8 and b?
2
Suppose 3*x + 9 + 21 = 0. Let q = -7 - x. Let y be 10*(q - (-1)/(-5)). What is the highest common factor of y and 4?
4
Suppose 0 = -4*g - g + 100. Let z be 61 + 3/(-1) + -1. Suppose 4*t - z + 17 = 0. Calculate the greatest common divisor of t and g.
10
Let r(u) = -214*u**3 + u**2 + 213*u**3 - 2*u + u + 18. Let c be (-3 - 0)/3 + 1. Let q be r(c). What is the greatest common factor of 54 and q?
18
Suppose 0 = 58*b - 52*b - 330. What is the highest common factor of b and 33?
11
Let p(n) be the first derivative of -n**4/4 - 19*n**3/3 - 21*n**2/2 - 22*n + 16. Let z be p(-18). What is the greatest common factor of 16 and z?
16
Suppose 3*d - 5*y - 456 = 0, 11*d - 12*d - y = -152. What is the greatest common divisor of 16 and d?
8
Suppose 4*n + 26 = 2*v, 7*n + 14 = -2*v + 3*n. Suppose -7*m = -v*m - 4*j - 148, -3*m = -4*j - 108. What is the highest common factor of 5 and m?
5
Suppose -2*o - 38 = 38. Let n = 68 + o. Suppose -4*h = -h - 990. Calculate the highest common factor of h and n.
30
Let w(j) = -9*j**2 + j - 19 + 0*j**2 - 9*j**2 + j**3. Let p be w(18). Let t be (p - 1)/((-10)/35). Calculate the greatest common divisor of 56 and t.
7
Let h(m) = -m**2 + 10*m - 17. Let w be h(7). Suppose -w*v - 3*v + 301 = 0. What is the highest common factor of v and 43?
43
Suppose g - 152 - 15 = 2*m, -2*m + 493 = 3*g. Let f be (60/(-8))/(2/(-4)). What is the highest common divisor of f and g?
15
Let b = 65 - 69. Let h be (1*(1 - 5))/(1/b). Calculate the highest common factor of 4 and h.
4
Let w = 59 + -54. Suppose -v + w*v = 616. Calculate the highest common factor of 14 and v.
14
Suppose 289*h - 12 = 286*h, 3*h - 24 = -3*m. What is the highest common divisor of 256 and m?
4
Let a be 8799/49 - (4 + (-31)/7). Calculate the greatest common factor of 24 and a.
12
Let j be -32*(28/(-24))/(2/30). What is the highest common factor of 120 and j?
40
Let r(f) = f**3 + 28*f**2 - f + 18. Let y be r(-28). What is the greatest common divisor of 115 and y?
23
Let n = 125 + -64. Suppose -16*b + 47 = -17. Suppose -b*y + 83 = -4*l - n, 0 = 4*y + 4*l - 136. What is the greatest common factor of 7 and y?
7
Let w = 163 + -54. Let b = 181 - w. What is the greatest common divisor of 108 and b?
36
Suppose -4*a + 63 = -11*a. Let o = 12 + a. Calculate the greatest common factor of 12 and o.
3
Suppose w - 9 = -0*w. Let u = w + 11. What is the highest common divisor of 60 and u?
20
Let f = -915 - -1713. What is the highest common factor of f and 171?
57
Suppose -92 = -2*l + 220. Calculate the highest common divisor of 364 and l.
52
Suppose 8*s = 4*s + 1316. Suppose 5*a - s = 191. Calculate the highest common divisor of 8 and a.
8
Suppose -5*i + 23 = -82. Let h = 49 - i. Calculate the highest common divisor of 308 and h.
28
Let c be (-10)/(-4)*96/48 - -7. What is the greatest common factor of 168 and c?
12
Let p(d) = 44*d**2 + 9*d - 8. Let s be p(1). What is the greatest common divisor of 75 and s?
15
Suppose 4*u + 1208 = -3*c + 2*u, -3*c - 1193 = 5*u. Let k = 34 - c. Suppose k = 3*x + 128. What is the highest common factor of x and 13?
13
Let m(c) = 8*c - 50. Let l(o) = 4*o - 25. Let v(h) = 11*l(h) - 6*m(h). Let i be v(-24). Calculate the greatest common divisor of 11 and i.
11
Let h = -67 + 97. Let b = -59 + 159. Let s = 175 - b. Calculate the highest common factor of s and h.
15
Let l = 23 - 16. Suppose -p + l = -1. Suppose 5*c - 5 - 10 = 0, 5*c + 25 = f. What is the highest common factor of p and f?
8
Let o be 3/2 + 7/((-28)/66). Let c = 25 - o. What is the greatest common divisor of c and 5?
5
Let h be (2/23)/(-1) + 10845627/6877. What is the highest common factor of h and 19?
19
Suppose 51 = 3*f + 2*z, z - 148 = -145. Calculate the greatest common divisor of f and 65.
5
Let d be ((-37)/5)/(30/(-150)). Calculate the greatest common factor of 1147 and d.
37
Let x = 9 - 22. Suppose 3*k = -0*t + 4*t - 64, 0 = 2*k + 5*t + 81. Let r = x - k. What is the highest common factor of r and 45?
15
Let l(m) = 5*m**2 - 10*m + 2. Let z be l(4). Suppose -6*u + 24 = -z. What is the greatest common divisor of 11 and u?
11
Suppose -18*r + 413 = 107. What is the greatest common divisor of 187 and r?
17
Let x(v) be the first derivative of 13*v**3/3 - v**2/2 + 3*v - 1. Let w be x(-3). Let o = 177 - w. Calculate the greatest common divisor of o and 6.
6
Suppose 2*m + 0 = 6. Suppose -m*d + 15 = 2*d. Suppose -2*k = 5*f + 13, d*k - 33 = -0*k + 3*f. Calculate the greatest common factor of 15 and k.
3
Suppose -942 = -23*n - 22. What is the greatest common factor of 1000 and n?
40
Let i = 305 - -175. Let d be (i/(-45))/((-2)/9). Suppose -6*c + 3*c = -48. What is the greatest common divisor of d and c?
16
Let l(v) = v**2 + 11*v + 20. Let w be l(-2). Suppose 5*f + w*g + 175 = 689, 532 = 5*f - 4*g. Calculate the greatest common divisor of 8 and f.
8
Suppose 256 = 2*g + 2*f, -5*g + 640 = -5*f - 0*f. Calculate the greatest common divisor of g and 48.
16
Let l = 92 + -48. Let k = 41 + -37. What is the highest common factor of k and l?
4
Let k be (-2)/4*10 - -2. Let r be (3 + k)*(1 - 0). Suppose r*o - 30 = -5*o. What is the greatest common factor of o and 2?
2
Suppose -400 = 47*b - 57*b. Calculate the highest common divisor of b and 460.
20
Let u(i) = 67*i**2 + 2*i. Let m be u(1). Let o = m + 12. What is the greatest common divisor of o and 27?
27
Let k(u) = 269*u - 319. Let t be k(2). Calculate the greatest common divisor of 9 and t.
3
Let l(q) = -3*q**3 + q**2 - 4*q + 1. Let a be l(-3). Let b = a + -53. Let i be -15*((-7)/21)/((-2)/(-4)). What is the greatest common factor of i and b?
10
Let w(f) = -f**3 + f + 1. Let q be w(-1). What is the greatest common factor of 37 and q?
1
Suppose 2*r = -5*n + 104, 0 = 4*n - 6*n + 5*r + 30. Suppose -2*a + n = -4*o, -13 = 5*a - 6*a - o. Calculate the highest common divisor of 276 and a.
12
Let p = 12 - 1. Let u = -216 - -217. What is the greatest common divisor of u and p?
1
Let d = 2 + -1. Let k(h) = h**3 + 4*h**2 - h. Let o be k(-3). Let t be (5/3 - d)*o. What is the highest common divisor of t and 16?
8
Let r be (-12)/(-5)*5*2. Calculate the greatest common factor of 384 and r.
24
Let y be -3 + (-4 - -10) + 1653. What is the highest common divisor of 96 and y?
24
Let j = 13 - 10. Suppose -5*i = -j*i - 5*d - 62, i - 34 = d. Suppose p = 3*p - 48. Calculate the greatest common factor of p and i.
12
Let x be (-319)/(-6) - 1/6. Let k = -35 + x. Calculate the greatest common factor of 54 and k.
18
Suppose 486 - 1382 = -2*h. Calculate the highest common factor of 14 and h.
14
Let p = 13 + -9. Let j be ((-44)/(-10) - p)*10. Calculate the greatest common factor of j and 8.
4
Let k(g) = g - 5. Let d be k(8). Let w(i) = -3*i + 12. Let m be w(d). Suppose -4*o = m